9?
7, 79, 443
What are the prime factors of 19684921?
1231, 15991
List the prime factors of 85914.
2, 3, 37, 43
What are the prime factors of 798948?
2, 3, 22193
What are the prime factors of 4652652?
2, 3, 387721
What are the prime factors of 4091962?
2, 7, 292283
What are the prime factors of 2765530?
2, 5, 276553
List the prime factors of 149881.
71, 2111
List the prime factors of 2637095.
5, 527419
What are the prime factors of 2302343?
2302343
List the prime factors of 371929.
371929
List the prime factors of 911552.
2, 14243
List the prime factors of 100403.
100403
List the prime factors of 439214.
2, 219607
What are the prime factors of 11672300?
2, 5, 151, 773
What are the prime factors of 4064740?
2, 5, 41, 4957
What are the prime factors of 6799936?
2, 11, 13, 743
List the prime factors of 2840930.
2, 5, 284093
List the prime factors of 31075305.
3, 5, 2071687
What are the prime factors of 2272273?
2272273
What are the prime factors of 3459193?
859, 4027
What are the prime factors of 344365?
5, 7, 9839
List the prime factors of 1070192.
2, 211, 317
List the prime factors of 14468348.
2, 19, 127, 1499
List the prime factors of 1066042.
2, 53, 89, 113
What are the prime factors of 3021391?
61, 49531
What are the prime factors of 377767?
13, 29059
What are the prime factors of 430582?
2, 41, 59, 89
List the prime factors of 63053.
17, 3709
List the prime factors of 27069427.
7, 11, 351551
List the prime factors of 93639.
3, 7, 13
What are the prime factors of 255717?
3, 7, 11, 41
List the prime factors of 12599588.
2, 3149897
What are the prime factors of 94072?
2, 11, 1069
What are the prime factors of 2995947?
3, 12329
List the prime factors of 19897715.
5, 3979543
What are the prime factors of 838408?
2, 104801
List the prime factors of 7165581.
3, 23, 29, 3581
What are the prime factors of 372951?
3, 19, 727
List the prime factors of 2122954.
2, 157, 6761
What are the prime factors of 2534904?
2, 3, 17, 19, 109
List the prime factors of 46841.
31, 1511
What are the prime factors of 1942501?
11, 176591
List the prime factors of 143542.
2, 7, 10253
List the prime factors of 10122174.
2, 3, 17, 19, 1741
List the prime factors of 1054021.
23, 45827
List the prime factors of 22819.
19, 1201
List the prime factors of 142731.
3, 15859
List the prime factors of 1347528.
2, 3, 7, 13, 617
List the prime factors of 15640895.
5, 19, 31, 47, 113
List the prime factors of 390220.
2, 5, 109, 179
What are the prime factors of 1052499?
3, 7, 50119
List the prime factors of 8389039.
8389039
What are the prime factors of 184580?
2, 5, 11, 839
What are the prime factors of 2389727?
433, 5519
List the prime factors of 543889.
543889
List the prime factors of 389527.
389527
List the prime factors of 22826587.
7, 197, 16553
What are the prime factors of 19906?
2, 37, 269
What are the prime factors of 113502?
2, 3, 18917
What are the prime factors of 8309199?
3, 131, 21143
List the prime factors of 286475.
5, 7, 1637
List the prime factors of 1175407.
1175407
What are the prime factors of 3801761?
17, 223633
What are the prime factors of 252940?
2, 5, 12647
List the prime factors of 733630.
2, 5, 73363
What are the prime factors of 11731683?
3, 17, 19, 12107
What are the prime factors of 340621?
103, 3307
List the prime factors of 461752.
2, 57719
What are the prime factors of 281705?
5, 103, 547
What are the prime factors of 1098656?
2, 13, 19, 139
What are the prime factors of 24678156?
2, 3, 683, 3011
List the prime factors of 761907.
3, 253969
What are the prime factors of 2447923?
2447923
What are the prime factors of 475642?
2, 237821
List the prime factors of 12513613.
7, 1787659
List the prime factors of 1328215.
5, 7, 137, 277
What are the prime factors of 12505583?
23, 29, 18749
What are the prime factors of 1116473?
1116473
List the prime factors of 1021334.
2, 127, 4021
What are the prime factors of 21605432?
2, 19, 307, 463
What are the prime factors of 10219550?
2, 5, 11, 17, 1093
List the prime factors of 1026401.
1026401
List the prime factors of 1824005.
5, 364801
List the prime factors of 259261.
107, 2423
What are the prime factors of 663476?
2, 11, 17, 887
What are the prime factors of 953110?
2, 5, 95311
List the prime factors of 694324.
2, 23, 7547
List the prime factors of 419605.
5, 83921
What are the prime factors of 5559277?
1373, 4049
What are the prime factors of 643377?
3, 7, 30637
What are the prime factors of 2067784?
2, 43, 6011
What are the prime factors of 9526289?
47, 157, 1291
What are the prime factors of 13178832?
2, 3, 463, 593
List the prime factors of 521989.
13, 40153
What are the prime factors of 630682?
2, 13, 127, 191
List the prime factors of 252428.
2, 11, 5737
List the prime factors of 389198.
2, 17, 11447
What are the prime factors of 2125265?
5, 29, 14657
What are the prime factors of 321857?
73, 4409
What are the prime factors of 4089227?
4089227
List the prime factors of 6429380.
2, 5, 321469
List the prime factors of 1899387.
3, 7, 59, 73
What are the prime factors of 9640586?
2, 29, 359, 463
What are the prime factors of 3998156?
2, 41, 24379
List the prime factors of 3786168.
2, 3, 19, 23
What are the prime factors of 9116703?
3, 1012967
List the prime factors of 4151323.
11, 377393
List the prime factors of 28737.
3, 31, 103
List the prime factors of 507672.
2, 3, 11, 641
List the prime factors of 1536054.
2, 3, 13, 47, 419
What are the prime factors of 493323?
3, 17, 569
List the prime factors of 4462578.
2, 3, 29, 83, 103
List the prime factors of 1082675.
5, 11, 31, 127
What are the prime factors of 16244097?
3, 5414699
What are the prime factors of 3221681?
223, 14447
List the prime factors of 1310816.
2, 13, 23, 137
What are the prime factors of 34179879?
3, 19, 223, 2689
What are the prime factors of 2887570?
2, 5, 7, 71, 83
List the prime factors of 278352.
2, 3, 1933
List the prime factors of 52952.
2, 6619
List the prime factors of 873998.
2, 436999
What are the prime factors of 8858615?
5, 17, 89, 1171
List the prime factors of 446299.
7, 103, 619
List the prime factors of 3324043.
37, 89839
List the prime factors of 1312475.
5, 47, 1117
List the prime factors of 19454424.
2, 3, 11, 59, 1249
List the prime factors of 1934003.
47, 41149
List the prime factors of 14998765.
5, 1129, 2657
List the prime factors of 5113740.
2, 3, 5, 85229
List the prime factors of 292756.
2, 73189
What are the prime factors of 1126878?
2, 3, 293, 641
List the prime factors of 3332216.
2, 29, 53, 271
List the prime factors of 53406.
2, 3, 23, 43
What are the prime factors of 429348?
2, 3, 37, 967
What are the prime factors of 16255210?
2, 5, 37, 43933
What are the prime factors of 5646765?
3, 5, 487, 773
List the prime factors of 10783776.
2, 3, 112331
What are the prime factors of 7628191?
7628191
List the prime factors of 348797.
569, 613
List the prime factors of 557534.
2, 278767
What are the prime factors of 2188533?
3, 729511
List the prime factors of 196335.
3, 5, 4363
List the prime factors of 35467061.
7, 5066723
What are the prime factors of 891205?
5, 7, 25463
What are the prime factors of 496359?
3, 131, 421
What are the prime factors of 3671030?
2, 5, 11, 23, 1451
What are the prime factors of 12539004?
2, 3, 31, 37, 911
List the prime factors of 486555.
3, 5, 163, 199
What are the prime factors of 466802?
2, 7, 33343
What are the prime factors of 2038833?
3, 19, 11923
What are the prime factors of 225321?
3, 19, 59, 67
List the prime factors of 1012229.
1012229
List the prime factors of 2504711.
11, 109, 2089
What are the prime factors of 18526842?
2, 3, 193, 5333
What are the prime factors of 168248?
2, 21031
List the prime factors of 173551.
7, 24793
What are the prime factors of 8239758?
2, 3, 47, 61, 479
List the prime factors of 24400783.
11, 71, 157, 199
List the prime factors of 6739620.
2, 3, 5, 112327
What are the prime factors of 63884?
2, 15971
List the prime factors of 2424277.
37, 65521
What are the prime factors of 1697408?
2, 89, 149
List the prime factors of 180403.
89, 2027
List the prime factors of 2920299.
3, 37, 26309
What are the prime factors of 954464?
2, 7, 4261
List the prime factors of 1243963.
7, 53, 479
List the prime factors of 489322.
2, 89, 2749
What are the prime 